{"id":157,"date":"2012-10-26T12:23:30","date_gmt":"2012-10-26T12:23:30","guid":{"rendered":"http:\/\/genealogie.nka.cz\/?page_id=157"},"modified":"2013-10-23T11:45:20","modified_gmt":"2013-10-23T11:45:20","slug":"kurent-majuskule","status":"publish","type":"page","link":"https:\/\/genealogie.nka.cz\/?page_id=157","title":{"rendered":"Kurent &#8211; majuskule"},"content":{"rendered":"<style type=\"text\/css\">\n    table.pismo1 {\n        border-width: 1px;\n        border-color: gray;\n        border-spacing: 2px;\n        border-style: solid;\n        border-collapse: collapse;\n        background-color: white;\n    }\n    td.pismo1cell1 {\n        border-width: 1px;\n        border-color: gray;\n        padding: 1px;\n        border-style: solid;\n        text-align: center;\n        vertical-align: middle;\n        background-color: white;\n        font-size: 20px;\n    }\n    td.pismo1cell2 {\n        border-width: 1px;\n        border-color: gray;\n        padding: 1px;\n        border-style: solid;\n        text-align: left;\n        vertical-align: middle;\n        background-color: white;\n    }\n    a.otherLink:link    { color:#505050; text-decoration:none; }\n    a.otherLink:visited { color:#505050; text-decoration:none; }\n    a.otherLink:hover   { color:#3366FF; text-decoration:none; }\n    a.otherLink:active  { color:#3366FF; text-decoration:none; }  \n    p.text {font-size: 20px;}\n    p.textlink {font-size: 14px; font-weight: bold; color: #454545}\n    p.header {font-family: Tahoma; font-size: 22px; font-weight: normal; color: #404040}\n<\/style>\n<p class=\"header\">P\u0159\u00edklady kurentu z text\u016f ze 17. &#8211; 19. stolet\u00ed. &#8211; majuskule<\/p>\n<p>Porovn\u00e1n\u00ed latinky, s\u00fctterlin a kurentu.<\/p>\n<table class\"pismo1\">\n<tr>\n<td class=\"pismo1cell1\"><b>A<\/b><\/td>\n<td class=\"pismo1cell1\"><img decoding=\"async\" src=\"http:\/\/genealogie.nka.cz\/images\/pismo\/xa.gif\" alt=\"A\" \/><\/td>\n<td class=\"pismo1cell2\"><img decoding=\"async\" src=\"http:\/\/genealogie.nka.cz\/images\/pismo\/sample_xa.jpg\" alt=\"A\" \/><br \/>\n        <img decoding=\"async\" src=\"http:\/\/genealogie.nka.cz\/images\/pismo\/sample_xa2.jpg\" alt=\"A\" \/><\/td>\n<\/tr>\n<tr>\n<td class=\"pismo1cell1\"><b>B<\/b><\/td>\n<td class=\"pismo1cell1\"><img decoding=\"async\" src=\"http:\/\/genealogie.nka.cz\/images\/pismo\/xb.gif\" alt=\"B\" \/><\/td>\n<td class=\"pismo1cell2\"><img decoding=\"async\" src=\"http:\/\/genealogie.nka.cz\/images\/pismo\/sample_xb.jpg\" alt=\"B\" \/><br \/>\n        <img decoding=\"async\" src=\"http:\/\/genealogie.nka.cz\/images\/pismo\/sample_xb2.jpg\" alt=\"B\" \/><\/td>\n<\/tr>\n<tr>\n<td class=\"pismo1cell1\"><b>C<\/b><\/td>\n<td class=\"pismo1cell1\"><img decoding=\"async\" src=\"http:\/\/genealogie.nka.cz\/images\/pismo\/xc.gif\" alt=\"C\" \/><\/td>\n<td class=\"pismo1cell2\"><img decoding=\"async\" src=\"http:\/\/genealogie.nka.cz\/images\/pismo\/sample_xc.jpg\" alt=\"C\" \/><br \/>\n        <img decoding=\"async\" src=\"http:\/\/genealogie.nka.cz\/images\/pismo\/sample_xc2.jpg\" alt=\"C\" \/><\/td>\n<\/tr>\n<tr>\n<td class=\"pismo1cell1\"><b>D<\/b><\/td>\n<td class=\"pismo1cell1\"><img decoding=\"async\" src=\"http:\/\/genealogie.nka.cz\/images\/pismo\/xd.gif\" alt=\"D\" \/><\/td>\n<td class=\"pismo1cell2\"><img decoding=\"async\" src=\"http:\/\/genealogie.nka.cz\/images\/pismo\/sample_xd.jpg\" alt=\"D\" \/><br \/>\n        <img decoding=\"async\" src=\"http:\/\/genealogie.nka.cz\/images\/pismo\/sample_xd2.jpg\" alt=\"D\" \/><\/td>\n<\/tr>\n<tr>\n<td class=\"pismo1cell1\"><b>E<\/b><\/td>\n<td class=\"pismo1cell1\"><img decoding=\"async\" src=\"http:\/\/genealogie.nka.cz\/images\/pismo\/xe.gif\" alt=\"E\" \/><\/td>\n<td class=\"pismo1cell2\"><img decoding=\"async\" src=\"http:\/\/genealogie.nka.cz\/images\/pismo\/sample_xe.jpg\" alt=\"E\" \/><br \/>\n        <img decoding=\"async\" src=\"http:\/\/genealogie.nka.cz\/images\/pismo\/sample_xe2.jpg\" alt=\"E\" \/><br \/>\n        <img decoding=\"async\" src=\"http:\/\/genealogie.nka.cz\/images\/pismo\/sample_xe3.jpg\" alt=\"E\" \/><\/td>\n<\/tr>\n<tr>\n<td class=\"pismo1cell1\"><b>F<\/b><\/td>\n<td class=\"pismo1cell1\"><img decoding=\"async\" src=\"http:\/\/genealogie.nka.cz\/images\/pismo\/xf.gif\" alt=\"F\" \/><\/td>\n<td class=\"pismo1cell2\"><img decoding=\"async\" src=\"http:\/\/genealogie.nka.cz\/images\/pismo\/sample_xf.jpg\" alt=\"F\" \/><br \/>\n        <img decoding=\"async\" src=\"http:\/\/genealogie.nka.cz\/images\/pismo\/sample_xf2.jpg\" alt=\"F\" \/><\/td>\n<\/tr>\n<tr>\n<td class=\"pismo1cell1\"><b>G<\/b><\/td>\n<td class=\"pismo1cell1\"><img decoding=\"async\" src=\"http:\/\/genealogie.nka.cz\/images\/pismo\/xg.gif\" alt=\"G\" \/><\/td>\n<td class=\"pismo1cell2\"><img decoding=\"async\" src=\"http:\/\/genealogie.nka.cz\/images\/pismo\/sample_xg.jpg\" alt=\"G\" \/><br \/>\n        <img decoding=\"async\" src=\"http:\/\/genealogie.nka.cz\/images\/pismo\/sample_xg2.jpg\" alt=\"G\" \/><br \/>\n        <img decoding=\"async\" src=\"http:\/\/genealogie.nka.cz\/images\/pismo\/sample_xg3.jpg\" alt=\"G\" \/><br \/>\n        <img decoding=\"async\" src=\"http:\/\/genealogie.nka.cz\/images\/pismo\/sample_xg4.jpg\" alt=\"G\" \/><br \/>\n        <img decoding=\"async\" src=\"http:\/\/genealogie.nka.cz\/images\/pismo\/sample_xg5.jpg\" alt=\"G\" \/><br \/>\n        <img decoding=\"async\" src=\"http:\/\/genealogie.nka.cz\/images\/pismo\/sample_xg6.jpg\" alt=\"G\" \/><\/td>\n<\/tr>\n<tr>\n<td class=\"pismo1cell1\"><b>H<\/b><\/td>\n<td class=\"pismo1cell1\"><img decoding=\"async\" src=\"http:\/\/genealogie.nka.cz\/images\/pismo\/xh.gif\" alt=\"H\" \/><\/td>\n<td class=\"pismo1cell2\"><img decoding=\"async\" src=\"http:\/\/genealogie.nka.cz\/images\/pismo\/sample_xh.jpg\" alt=\"H\" \/><\/td>\n<\/tr>\n<tr>\n<td class=\"pismo1cell1\"><b>I<\/b><\/td>\n<td class=\"pismo1cell1\"><img decoding=\"async\" src=\"http:\/\/genealogie.nka.cz\/images\/pismo\/xi.gif\" alt=\"I\" \/><\/td>\n<td class=\"pismo1cell2\"><img decoding=\"async\" src=\"http:\/\/genealogie.nka.cz\/images\/pismo\/sample_xi.jpg\" alt=\"I\" \/><\/td>\n<\/tr>\n<tr>\n<td class=\"pismo1cell1\"><b>J<\/b><\/td>\n<td class=\"pismo1cell1\"><img decoding=\"async\" src=\"http:\/\/genealogie.nka.cz\/images\/pismo\/xj.gif\" alt=\"J\" \/><\/td>\n<td class=\"pismo1cell2\"><img decoding=\"async\" src=\"http:\/\/genealogie.nka.cz\/images\/pismo\/sample_xj.jpg\" alt=\"J\" \/><\/td>\n<\/tr>\n<tr>\n<td class=\"pismo1cell1\"><b>K<\/b><\/td>\n<td class=\"pismo1cell1\"><img decoding=\"async\" src=\"http:\/\/genealogie.nka.cz\/images\/pismo\/xk.gif\" alt=\"K\" \/><\/td>\n<td class=\"pismo1cell2\"><img decoding=\"async\" src=\"http:\/\/genealogie.nka.cz\/images\/pismo\/sample_xk.jpg\" alt=\"K\" \/><br \/>\n        <img decoding=\"async\" src=\"http:\/\/genealogie.nka.cz\/images\/pismo\/sample_xk2.jpg\" alt=\"K\" \/><\/td>\n<\/tr>\n<tr>\n<td class=\"pismo1cell1\"><b>L<\/b><\/td>\n<td class=\"pismo1cell1\"><img decoding=\"async\" src=\"http:\/\/genealogie.nka.cz\/images\/pismo\/xl.gif\" alt=\"L\" \/><\/td>\n<td class=\"pismo1cell2\"><img decoding=\"async\" src=\"http:\/\/genealogie.nka.cz\/images\/pismo\/sample_xl.jpg\" alt=\"L\" \/><br \/>\n        <img decoding=\"async\" src=\"http:\/\/genealogie.nka.cz\/images\/pismo\/sample_xl2.jpg\" alt=\"L\" \/><\/td>\n<\/tr>\n<tr>\n<td class=\"pismo1cell1\"><b>M<\/b><\/td>\n<td class=\"pismo1cell1\"><img decoding=\"async\" src=\"http:\/\/genealogie.nka.cz\/images\/pismo\/xm.gif\" alt=\"M\" \/><\/td>\n<td class=\"pismo1cell2\"><img decoding=\"async\" src=\"http:\/\/genealogie.nka.cz\/images\/pismo\/sample_xm.jpg\" alt=\"M\" \/><br \/>\n        <img decoding=\"async\" src=\"http:\/\/genealogie.nka.cz\/images\/pismo\/sample_xm2.jpg\" alt=\"M\" \/><\/td>\n<\/tr>\n<tr>\n<td class=\"pismo1cell1\"><b>N<\/b><\/td>\n<td class=\"pismo1cell1\"><img decoding=\"async\" src=\"http:\/\/genealogie.nka.cz\/images\/pismo\/xn.gif\" alt=\"N\" \/><\/td>\n<td class=\"pismo1cell2\"><img decoding=\"async\" src=\"http:\/\/genealogie.nka.cz\/images\/pismo\/sample_xn.jpg\" alt=\"N\" \/><\/td>\n<\/tr>\n<tr>\n<td class=\"pismo1cell1\"><b>O<\/b><\/td>\n<td class=\"pismo1cell1\"><img decoding=\"async\" src=\"http:\/\/genealogie.nka.cz\/images\/pismo\/xo.gif\" alt=\"O\" \/><\/td>\n<td class=\"pismo1cell2\"><img decoding=\"async\" src=\"http:\/\/genealogie.nka.cz\/images\/pismo\/sample_xo.jpg\" alt=\"O\" \/><\/td>\n<\/tr>\n<tr>\n<td class=\"pismo1cell1\"><b>P<\/b><\/td>\n<td class=\"pismo1cell1\"><img decoding=\"async\" src=\"http:\/\/genealogie.nka.cz\/images\/pismo\/xp.gif\" alt=\"P\" \/><\/td>\n<td class=\"pismo1cell2\"><img decoding=\"async\" src=\"http:\/\/genealogie.nka.cz\/images\/pismo\/sample_xp.jpg\" alt=\"P\" \/><br \/>\n        <img decoding=\"async\" src=\"http:\/\/genealogie.nka.cz\/images\/pismo\/sample_xp2.jpg\" alt=\"P\" \/><br \/>\n        <img decoding=\"async\" src=\"http:\/\/genealogie.nka.cz\/images\/pismo\/sample_xp3.jpg\" alt=\"P\" \/><\/td>\n<\/tr>\n<tr>\n<td class=\"pismo1cell1\"><b>Q<\/b><\/td>\n<td class=\"pismo1cell1\"><img decoding=\"async\" src=\"http:\/\/genealogie.nka.cz\/images\/pismo\/xq.gif\" alt=\"Q\" \/><\/td>\n<td class=\"pismo1cell2\"><img decoding=\"async\" src=\"http:\/\/genealogie.nka.cz\/images\/pismo\/sample_xq.jpg\" alt=\"Q\" \/><\/td>\n<\/tr>\n<tr>\n<td class=\"pismo1cell1\"><b>R<\/b><\/td>\n<td class=\"pismo1cell1\"><img decoding=\"async\" src=\"http:\/\/genealogie.nka.cz\/images\/pismo\/xr.gif\" alt=\"R\" \/><\/td>\n<td class=\"pismo1cell2\"><img decoding=\"async\" src=\"http:\/\/genealogie.nka.cz\/images\/pismo\/sample_xr.jpg\" alt=\"R\" \/><br \/>\n        <img decoding=\"async\" src=\"http:\/\/genealogie.nka.cz\/images\/pismo\/sample_xr2.jpg\" alt=\"R\" \/><\/td>\n<\/tr>\n<tr>\n<td class=\"pismo1cell1\"><b>S<\/b><\/td>\n<td class=\"pismo1cell1\"><img decoding=\"async\" src=\"http:\/\/genealogie.nka.cz\/images\/pismo\/xs.gif\" alt=\"S\" \/><\/td>\n<td class=\"pismo1cell2\"><img decoding=\"async\" src=\"http:\/\/genealogie.nka.cz\/images\/pismo\/sample_xs.jpg\" alt=\"S\" \/><br \/>\n        <img decoding=\"async\" src=\"http:\/\/genealogie.nka.cz\/images\/pismo\/sample_xs2.jpg\" alt=\"S\" \/><\/td>\n<\/tr>\n<tr>\n<td class=\"pismo1cell1\"><b>T<\/b><\/td>\n<td class=\"pismo1cell1\"><img decoding=\"async\" src=\"http:\/\/genealogie.nka.cz\/images\/pismo\/xt.gif\" alt=\"T\" \/><\/td>\n<td class=\"pismo1cell2\"><img decoding=\"async\" src=\"http:\/\/genealogie.nka.cz\/images\/pismo\/sample_xt.jpg\" alt=\"T\" \/><br \/>\n        <img decoding=\"async\" src=\"http:\/\/genealogie.nka.cz\/images\/pismo\/sample_xt2.jpg\" alt=\"T\" \/><br \/>\n        <img decoding=\"async\" src=\"http:\/\/genealogie.nka.cz\/images\/pismo\/sample_xt3.jpg\" alt=\"T\" \/><br \/>\n        <img decoding=\"async\" src=\"http:\/\/genealogie.nka.cz\/images\/pismo\/sample_xt4.jpg\" alt=\"T\" \/><\/td>\n<\/tr>\n<tr>\n<td class=\"pismo1cell1\"><b>U<\/b><\/td>\n<td class=\"pismo1cell1\"><img decoding=\"async\" src=\"http:\/\/genealogie.nka.cz\/images\/pismo\/xu.gif\" alt=\"U\" \/><\/td>\n<td class=\"pismo1cell2\"><img decoding=\"async\" src=\"http:\/\/genealogie.nka.cz\/images\/pismo\/sample_xu.jpg\" alt=\"U\" \/><\/td>\n<\/tr>\n<tr>\n<td class=\"pismo1cell1\"><b>V<\/b><\/td>\n<td class=\"pismo1cell1\"><img decoding=\"async\" src=\"http:\/\/genealogie.nka.cz\/images\/pismo\/xv.gif\" alt=\"V\" \/><\/td>\n<td class=\"pismo1cell2\"><img decoding=\"async\" src=\"http:\/\/genealogie.nka.cz\/images\/pismo\/sample_xv.jpg\" alt=\"V\" \/><br \/>\n        <img decoding=\"async\" src=\"http:\/\/genealogie.nka.cz\/images\/pismo\/sample_xv2.jpg\" alt=\"V\" \/><\/td>\n<\/tr>\n<tr>\n<td class=\"pismo1cell1\"><b>W<\/b><\/td>\n<td class=\"pismo1cell1\"><img decoding=\"async\" src=\"http:\/\/genealogie.nka.cz\/images\/pismo\/xw.gif\" alt=\"W\" \/><\/td>\n<td class=\"pismo1cell2\"><img decoding=\"async\" src=\"http:\/\/genealogie.nka.cz\/images\/pismo\/sample_xw.jpg\" alt=\"W\" \/><br \/>\n        <img decoding=\"async\" src=\"http:\/\/genealogie.nka.cz\/images\/pismo\/sample_xw2.jpg\" alt=\"W\" \/><br \/>\n        <img decoding=\"async\" src=\"http:\/\/genealogie.nka.cz\/images\/pismo\/sample_xw3.jpg\" alt=\"W\" \/><\/td>\n<\/tr>\n<tr>\n<td class=\"pismo1cell1\"><b>X<\/b><\/td>\n<td class=\"pismo1cell1\"><img decoding=\"async\" src=\"http:\/\/genealogie.nka.cz\/images\/pismo\/xx.gif\" alt=\"X\" \/><\/td>\n<td class=\"pismo1cell2\"><img decoding=\"async\" src=\"http:\/\/genealogie.nka.cz\/images\/pismo\/sample_xx.jpg\" alt=\"X\" \/><\/td>\n<\/tr>\n<tr>\n<td class=\"pismo1cell1\"><b>Y<\/b><\/td>\n<td class=\"pismo1cell1\"><img decoding=\"async\" src=\"http:\/\/genealogie.nka.cz\/images\/pismo\/xy.gif\" alt=\"Y\" \/><\/td>\n<td class=\"pismo1cell2\"><img decoding=\"async\" src=\"http:\/\/genealogie.nka.cz\/images\/pismo\/sample_xy.jpg\" alt=\"Y\" \/><\/td>\n<\/tr>\n<tr>\n<td class=\"pismo1cell1\"><b>Z<\/b><\/td>\n<td class=\"pismo1cell1\"><img decoding=\"async\" src=\"http:\/\/genealogie.nka.cz\/images\/pismo\/xz.gif\" alt=\"Z\" \/><\/td>\n<td class=\"pismo1cell2\"><img decoding=\"async\" src=\"http:\/\/genealogie.nka.cz\/images\/pismo\/sample_xz.jpg\" alt=\"Z\" \/><br \/>\n        <img decoding=\"async\" src=\"http:\/\/genealogie.nka.cz\/images\/pismo\/sample_xz2.jpg\" alt=\"Z\" \/><\/td>\n<\/tr>\n<\/table>\n<p><a href=\"http:\/\/www.suetterlinschrift.de\" title=\"sdas\" target=\"_blank\" class=\"otherLink\"><\/p>\n<p class=\"textlink\">Zdroj (www.suetterlinschrift.de)<\/p>\n<p><\/a><\/p>\n","protected":false},"excerpt":{"rendered":"<p>P\u0159\u00edklady kurentu z text\u016f ze 17. &#8211; 19. stolet\u00ed. &#8211; majuskule Porovn\u00e1n\u00ed latinky, s\u00fctterlin a kurentu. A B C D E F G H I J K L M N O P Q R S T U V W X &hellip; <a class=\"more-link\" href=\"https:\/\/genealogie.nka.cz\/?page_id=157\">Continue reading <span class=\"meta-nav\">&rarr;<\/span><\/a><\/p>\n","protected":false},"author":1,"featured_media":0,"parent":2,"menu_order":3,"comment_status":"open","ping_status":"open","template":"page-wrapperonly.php","meta":{"ngg_post_thumbnail":0,"footnotes":""},"class_list":["post-157","page","type-page","status-publish","hentry"],"_links":{"self":[{"href":"https:\/\/genealogie.nka.cz\/index.php?rest_route=\/wp\/v2\/pages\/157","targetHints":{"allow":["GET"]}}],"collection":[{"href":"https:\/\/genealogie.nka.cz\/index.php?rest_route=\/wp\/v2\/pages"}],"about":[{"href":"https:\/\/genealogie.nka.cz\/index.php?rest_route=\/wp\/v2\/types\/page"}],"author":[{"embeddable":true,"href":"https:\/\/genealogie.nka.cz\/index.php?rest_route=\/wp\/v2\/users\/1"}],"replies":[{"embeddable":true,"href":"https:\/\/genealogie.nka.cz\/index.php?rest_route=%2Fwp%2Fv2%2Fcomments&post=157"}],"version-history":[{"count":20,"href":"https:\/\/genealogie.nka.cz\/index.php?rest_route=\/wp\/v2\/pages\/157\/revisions"}],"predecessor-version":[{"id":885,"href":"https:\/\/genealogie.nka.cz\/index.php?rest_route=\/wp\/v2\/pages\/157\/revisions\/885"}],"up":[{"embeddable":true,"href":"https:\/\/genealogie.nka.cz\/index.php?rest_route=\/wp\/v2\/pages\/2"}],"wp:attachment":[{"href":"https:\/\/genealogie.nka.cz\/index.php?rest_route=%2Fwp%2Fv2%2Fmedia&parent=157"}],"curies":[{"name":"wp","href":"https:\/\/api.w.org\/{rel}","templated":true}]}}