{"id":653,"date":"2013-10-18T11:34:23","date_gmt":"2013-10-18T11:34:23","guid":{"rendered":"http:\/\/genealogie.nka.cz\/?page_id=653"},"modified":"2022-09-15T15:19:20","modified_gmt":"2022-09-15T15:19:20","slug":"ceske","status":"publish","type":"page","link":"https:\/\/genealogie.nka.cz\/?page_id=653","title":{"rendered":"\u010cesk\u00e9"},"content":{"rendered":"<style type=\"text\/css\">\n    table.zkratky {\n        border-width: 0px;\n        border-color: gray;\n        border-spacing: 2px;\n        border-style: solid;\n        border-collapse: collapse;\n    }\n    a.otherLink:link    { color: #505050  ; text-decoration: none; }\n    a.otherLink:visited { color: #505050  ; text-decoration: none; }\n    a.otherLink:hover   { color: #3366FF; text-decoration: none; }\n    a.otherLink:active  { color: #3366FF; text-decoration: none; }  \n    p.linktext {font-size: 16px; font-weight: bold; color: #505050}\n    p.header {font-family: Tahoma; font-size: 22px; font-weight: normal; color: #404040}\n    div.text {font-size: 12px; font-weight: normal; color: #606060}\n<\/style>\n<p class=\"header\">Zkratky \u010desk\u00e9<\/p>\n<div class=\"text\">\n<table class\"zkratky\">\n<tr>\n<td style=\"width: 300px;padding: 0px;\"><b>czlo<sup>k<\/sup><\/b> &#8211; \u010dlov\u011bk<\/td>\n<td style=\"width: 300px;padding: 0px;\"><b>k.<\/b> &#8211; krejcar<\/td>\n<td style=\"width: 300px;padding: 0px;\"><b>s<sup>o<\/sup><\/b> &#8211; svat\u00e9ho<\/td>\n<\/tr>\n<tr>\n<td style=\"padding: 0px;\"><b>f.<\/b> &#8211; zlat\u00fd<\/td>\n<td style=\"padding: 0px;\"><b>kr.<\/b> &#8211; krejcar<\/td>\n<td style=\"padding: 0px;\"><b>Ss<\/b> &#8211; kopa<\/td>\n<\/tr>\n<tr>\n<td style=\"padding: 0px;\"><b>fr.<\/b> &#8211; zlat\u00fd<\/td>\n<td style=\"padding: 0px;\"><b>kt\u0113z<\/b> &#8211; kter\u00e9\u017e<\/td>\n<td style=\"padding: 0px;\"><b>t.<\/b> &#8211; toti\u017e<\/td>\n<\/tr>\n<tr>\n<td style=\"padding: 0px;\"><b>G.M.C.<\/b> &#8211; Jeho milost c\u00edsa\u0159sk\u00e1<\/td>\n<td style=\"padding: 0px;\"><b>L.P.<\/b> &#8211; L\u00e9ta P\u00e1n\u011b<\/td>\n<td style=\"padding: 0px;\"><b>T.<\/b> &#8211; tolar<\/td>\n<\/tr>\n<tr>\n<td style=\"padding: 0px;\"><b>ge<sup>o<\/sup><\/b> &#8211; jeho<\/td>\n<td style=\"padding: 0px;\"><b>m\u0101<\/b> &#8211; m\u00e1m<\/td>\n<td style=\"padding: 0px;\"><b>W.N.M.<\/b> &#8211; v\u011brn\u00fd n\u00e1\u0161 mil\u00fd<\/td>\n<\/tr>\n<tr>\n<td style=\"padding: 0px;\"><b>Geho<sup>oti<\/sup><\/b> &#8211; Jeho milosti<\/td>\n<td style=\"padding: 0px;\"><b>N.<\/b> &#8211; nebo\u017et\u00edk<\/td>\n<td style=\"padding: 0px;\"><b>w\u0101<\/b> &#8211; V\u00e1m<\/td>\n<\/tr>\n<tr>\n<td style=\"padding: 0px;\"><b>gr.<\/b> &#8211; gro\u0161e<\/td>\n<td style=\"padding: 0px;\"><b>na<sup>o<\/sup><\/b> &#8211; na\u0161eho<\/td>\n<td style=\"padding: 0px;\"><b>x<\/b> &#8211; krejcar<\/td>\n<\/tr>\n<tr>\n<td style=\"padding: 0px;\"><b>gr. cze.<\/b> &#8211; gro\u0161e \u010desk\u00e9<\/td>\n<td style=\"padding: 0px;\"><b>P.P.P.<\/b> &#8211; pan purkmistr a p\u00e1ni<\/td>\n<td style=\"padding: 0px;\"><b><\/b> &#8211; <\/td>\n<\/tr>\n<tr>\n<td style=\"padding: 0px;\"><b>gr. m.<\/b> &#8211; gro\u0161e m\u00ed\u0161e\u0148sk\u00e9<\/td>\n<td style=\"padding: 0px;\"><b>p\u0101<\/b> &#8211; p\u00e1n<\/td>\n<td style=\"padding: 0px;\"><b><\/b> &#8211; <\/td>\n<\/tr>\n<tr>\n<td style=\"padding: 0px;\"><b>gt<\/b> &#8211; jest<\/td>\n<td style=\"padding: 0px;\"><b>po<sup>dz<\/sup><\/b> &#8211; pon\u011bvad\u017e<\/td>\n<td style=\"padding: 0px;\"><b><\/b> &#8211; <\/td>\n<\/tr>\n<tr>\n<td style=\"padding: 0px;\"><b>H \/ h<\/b> &#8211; hal\u00e9\u0159<\/td>\n<td style=\"padding: 0px;\"><b>pppanuow\u00a0\u00a0\u00a0\u00a0\u00a0\u00a0\u00a0\u00a0\u00a0<\/b> &#8211; pana purkmistra a panuov<\/td>\n<td style=\"padding: 0px;\"><b><\/b> &#8211; <\/td>\n<\/tr>\n<\/table>\n<p>&nbsp;<\/p>\n<table class\"zkratky\">\n<tr>\n<td style=\"width: 300px;padding: 0px;\"><img decoding=\"async\" src=\"http:\/\/genealogie.nka.cz\/images\/pismo\/zkratky\/cesky1.jpg\" alt=\"\" style=\"width:200px;\"\/><\/td>\n<td style=\"vertical-align:middle;\">g[es]t \/ g[es]tli<\/td>\n<td style=\"vertical-align:middle;\"><b><\/b><\/td>\n<\/tr>\n<tr>\n<td><img decoding=\"async\" src=\"http:\/\/genealogie.nka.cz\/images\/pismo\/zkratky\/cesky2.jpg\" alt=\"\" style=\"width:200px;\"\/><\/td>\n<td style=\"vertical-align:middle;\">Gich mi[l]o[s]ti<\/td>\n<td style=\"vertical-align:middle;\"><b><\/b><\/td>\n<\/tr>\n<tr>\n<td><img decoding=\"async\" src=\"http:\/\/genealogie.nka.cz\/images\/pismo\/zkratky\/cesky3.jpg\" alt=\"\" style=\"width:200px;\"\/><\/td>\n<td style=\"vertical-align:middle;\">G[eho] M[ilost] C[\u00edsa\u0159sk\u00e1]<\/td>\n<td style=\"vertical-align:middle;\"><b><\/b><\/td>\n<\/tr>\n<tr>\n<td><img decoding=\"async\" src=\"http:\/\/genealogie.nka.cz\/images\/pismo\/zkratky\/cesky4.jpg\" alt=\"\" style=\"width:300px;\"\/><\/td>\n<td style=\"vertical-align:middle;\">L[\u00e9ta] P[\u00e1n\u011b] 1616<\/td>\n<td style=\"vertical-align:middle;\"><b><\/b><\/td>\n<\/tr>\n<tr>\n<td><img decoding=\"async\" src=\"http:\/\/genealogie.nka.cz\/images\/pismo\/zkratky\/cesky5.jpg\" alt=\"\" style=\"width:300px;\"\/><\/td>\n<td style=\"vertical-align:middle;\">po p[\u0159\u00edsaze] p[odle] p[r\u00e1va] na +[k\u0159\u00ed\u017e] v[\u010din\u011bn\u00e9] s[v\u011bd\u010dil]  (z knihy sv\u011bdom\u00ed)<\/td>\n<td style=\"vertical-align:middle;\"><b><\/b><\/td>\n<\/tr>\n<tr>\n<td><img decoding=\"async\" src=\"http:\/\/genealogie.nka.cz\/images\/pismo\/zkratky\/cesky6.jpg\" alt=\"\" style=\"width:300px;\"\/><\/td>\n<td style=\"vertical-align:middle;\">pon[\u011b]w[a]d\u017e<\/td>\n<td style=\"vertical-align:middle;\"><b><\/b><\/td>\n<\/tr>\n<tr>\n<td><img decoding=\"async\" src=\"http:\/\/genealogie.nka.cz\/images\/pismo\/zkratky\/cesky7.jpg\" alt=\"\" style=\"width:300px;\"\/><\/td>\n<td style=\"vertical-align:middle;\">od p[ana] p[urkmistra a] p[an]uw || od p[ana] p[urkmistra a] panuow<\/td>\n<td style=\"vertical-align:middle;\"><b><\/b><\/td>\n<\/tr>\n<tr>\n<td><img decoding=\"async\" src=\"http:\/\/genealogie.nka.cz\/images\/pismo\/zkratky\/cesky8.jpg\" alt=\"\" style=\"width:150px;\"\/><\/td>\n<td style=\"vertical-align:middle;\">p[ro]to<\/td>\n<td style=\"vertical-align:middle;\"><b><\/b><\/td>\n<\/tr>\n<tr>\n<td><img decoding=\"async\" src=\"http:\/\/genealogie.nka.cz\/images\/pismo\/zkratky\/cesky9.jpg\" alt=\"\" style=\"width:150px;\"\/><\/td>\n<td style=\"vertical-align:middle;\">p[\u0159e]d<\/td>\n<td style=\"vertical-align:middle;\"><b><\/b><\/td>\n<\/tr>\n<tr>\n<td><img decoding=\"async\" src=\"http:\/\/genealogie.nka.cz\/images\/pismo\/zkratky\/cesky10.jpg\" alt=\"\" style=\"width:300px;\"\/><\/td>\n<td style=\"vertical-align:middle;\">p[\u0159i] p[\u0159\u00ed]tomnosti<\/td>\n<td style=\"vertical-align:middle;\"><b><\/b><\/td>\n<\/tr>\n<tr>\n<td><img decoding=\"async\" src=\"http:\/\/genealogie.nka.cz\/images\/pismo\/zkratky\/cesky11.jpg\" alt=\"\" style=\"width:300px;\"\/><\/td>\n<td style=\"vertical-align:middle;\">po s[vat\u00e9]m Marku \/ na s[vat\u00e9h]o Hawla<\/td>\n<td style=\"vertical-align:middle;\"><b><\/b><\/td>\n<\/tr>\n<tr>\n<td><img decoding=\"async\" src=\"http:\/\/genealogie.nka.cz\/images\/pismo\/zkratky\/cesky12.jpg\" alt=\"\" style=\"width:300px;\"\/><\/td>\n<td style=\"vertical-align:middle;\">poselst[v\u00ed]<\/td>\n<td style=\"vertical-align:middle;\"><b><\/b><\/td>\n<\/tr>\n<\/table>\n<p>&nbsp;<\/p>\n<p>Zdroj: <a href=\"http:\/\/www.genebaze.cz\/\" title=\"\" target=\"_blank\" class=\"otherLink\">www.genebaze.cz<\/a>, <a href=\"http:\/\/genealogie.taby.cz\/\" title=\"\" target=\"_blank\" class=\"otherLink\">genealogie.taby.cz<\/a> a r\u016fzn\u00e9 nezn\u00e1m\u00e9 zdroje\n<\/div>\n","protected":false},"excerpt":{"rendered":"<p>Zkratky \u010desk\u00e9 czlok &#8211; \u010dlov\u011bk k. &#8211; krejcar so &#8211; svat\u00e9ho f. &#8211; zlat\u00fd kr. &#8211; krejcar Ss &#8211; kopa fr. &#8211; zlat\u00fd kt\u0113z &#8211; kter\u00e9\u017e t. &#8211; toti\u017e G.M.C. &#8211; Jeho milost c\u00edsa\u0159sk\u00e1 L.P. &#8211; L\u00e9ta P\u00e1n\u011b T. &#8211; &hellip; <a class=\"more-link\" href=\"https:\/\/genealogie.nka.cz\/?page_id=653\">Continue reading <span class=\"meta-nav\">&rarr;<\/span><\/a><\/p>\n","protected":false},"author":1,"featured_media":0,"parent":618,"menu_order":9,"comment_status":"open","ping_status":"open","template":"page-wrapperonly.php","meta":{"ngg_post_thumbnail":0,"footnotes":""},"class_list":["post-653","page","type-page","status-publish","hentry"],"_links":{"self":[{"href":"https:\/\/genealogie.nka.cz\/index.php?rest_route=\/wp\/v2\/pages\/653","targetHints":{"allow":["GET"]}}],"collection":[{"href":"https:\/\/genealogie.nka.cz\/index.php?rest_route=\/wp\/v2\/pages"}],"about":[{"href":"https:\/\/genealogie.nka.cz\/index.php?rest_route=\/wp\/v2\/types\/page"}],"author":[{"embeddable":true,"href":"https:\/\/genealogie.nka.cz\/index.php?rest_route=\/wp\/v2\/users\/1"}],"replies":[{"embeddable":true,"href":"https:\/\/genealogie.nka.cz\/index.php?rest_route=%2Fwp%2Fv2%2Fcomments&post=653"}],"version-history":[{"count":13,"href":"https:\/\/genealogie.nka.cz\/index.php?rest_route=\/wp\/v2\/pages\/653\/revisions"}],"predecessor-version":[{"id":1330,"href":"https:\/\/genealogie.nka.cz\/index.php?rest_route=\/wp\/v2\/pages\/653\/revisions\/1330"}],"up":[{"embeddable":true,"href":"https:\/\/genealogie.nka.cz\/index.php?rest_route=\/wp\/v2\/pages\/618"}],"wp:attachment":[{"href":"https:\/\/genealogie.nka.cz\/index.php?rest_route=%2Fwp%2Fv2%2Fmedia&parent=653"}],"curies":[{"name":"wp","href":"https:\/\/api.w.org\/{rel}","templated":true}]}}